{"id":13299,"date":"2024-01-17T12:48:37","date_gmt":"2024-01-17T11:48:37","guid":{"rendered":"https:\/\/www.ateti.pt\/loja\/?post_type=product&#038;p=13299"},"modified":"2025-05-28T08:52:02","modified_gmt":"2025-05-28T07:52:02","slug":"sumo-100-maracuja-classico-300-ml-compal","status":"publish","type":"product","link":"https:\/\/www.ateti.pt\/loja\/produto\/sumo-100-maracuja-classico-300-ml-compal\/","title":{"rendered":"Sumo 100% Maracuj\u00e1 Cl\u00e1ssico 300ml Compal"},"content":{"rendered":"<p><strong>Compal Cl\u00e1ssico 100% Maracuj\u00e1<\/strong><\/p>\n<p><strong>Quantidade:<\/strong> 330mL<\/p>\n<div class=\"ingridients__item\"><strong>Ingredientes: <\/strong>\u00c1gua, sumo de maracuj\u00e1: \u00e0 base de concentrado, a\u00e7\u00facar e \u00e1cido asc\u00f3rbico (vitamina C).<\/div>\n<div class=\"ingridients__item\">\n<p class=\"BrandonText-Bold nutritional-information__title\"><strong>Declara\u00e7\u00e3o Nutricional<\/strong><\/p>\n<div class=\"ingridients__table\">\n<table width=\"100%\">\n<tbody>\n<tr>\n<th><\/th>\n<th>Por 100 ML<\/th>\n<th>Por\u00e7\u00e3o 200 ML<\/th>\n<\/tr>\n<tr>\n<td>Valor Energ\u00e9tico<\/td>\n<td>235 KJ (55 kcal)<\/td>\n<td>470 KJ (110 kcal)<\/td>\n<\/tr>\n<tr>\n<td>L\u00edpidos<\/td>\n<td>&lt; 0.50g<\/td>\n<td>&lt; 0.50g<\/td>\n<\/tr>\n<tr>\n<td>dos quais saturados<\/td>\n<td>&lt; 0.10g<\/td>\n<td>&lt; 0.10g<\/td>\n<\/tr>\n<tr>\n<td>Hidratos de Carbono<\/td>\n<td>14g<\/td>\n<td>28g<\/td>\n<\/tr>\n<tr>\n<td>dos quais a\u00e7\u00facares<\/td>\n<td>13g<\/td>\n<td>26g<\/td>\n<\/tr>\n<tr>\n<td>Prote\u00ednas<\/td>\n<td>&lt; 0.50g<\/td>\n<td>0.80g<\/td>\n<\/tr>\n<tr>\n<td>Sal<\/td>\n<td>&lt; 0.01g<\/td>\n<td>&lt; 0.01g<\/td>\n<\/tr>\n<tr>\n<td>Vitamina C<\/td>\n<td>6mg (7% VRN*)<\/td>\n<td>12mg (15% VRN*)<\/td>\n<\/tr>\n<\/tbody>\n<\/table>\n<div class=\"ingridients__item\">\n<p class=\"BrandonText-Bold nutritional-information__title\"><strong>Conserva\u00e7\u00e3o: <\/strong>Uma vez aberto conservar no frigor\u00edfico.<\/p>\n<\/div>\n<div class=\"ingridients__item\">\n<p><strong>Teor de frutos:<\/strong> no m\u00ednimo 25%.<\/p>\n<p>Veja mais em <a href=\"https:\/\/www.ateti.pt\/loja\/categoria\/bebidas\/sumos\/\">Sumos<\/a><\/p>\n<\/div>\n<\/div>\n<\/div>\n","protected":false},"excerpt":{"rendered":"<p>1.21\u20ac\/Litro<\/p>\n","protected":false},"featured_media":57380,"comment_status":"closed","ping_status":"closed","template":"","meta":{"_themeisle_gutenberg_block_has_review":false},"product_brand":[],"product_cat":[158,159],"product_tag":[],"woo-feed-brand":[],"class_list":{"0":"post-13299","1":"product","2":"type-product","3":"status-publish","4":"has-post-thumbnail","6":"product_cat-bebidas","7":"product_cat-sumos","8":"ts_product_brand-compal","10":"first","11":"instock","12":"taxable","13":"shipping-taxable","14":"purchasable","15":"product-type-simple"},"_links":{"self":[{"href":"https:\/\/www.ateti.pt\/loja\/wp-json\/wp\/v2\/product\/13299","targetHints":{"allow":["GET"]}}],"collection":[{"href":"https:\/\/www.ateti.pt\/loja\/wp-json\/wp\/v2\/product"}],"about":[{"href":"https:\/\/www.ateti.pt\/loja\/wp-json\/wp\/v2\/types\/product"}],"replies":[{"embeddable":true,"href":"https:\/\/www.ateti.pt\/loja\/wp-json\/wp\/v2\/comments?post=13299"}],"wp:featuredmedia":[{"embeddable":true,"href":"https:\/\/www.ateti.pt\/loja\/wp-json\/wp\/v2\/media\/57380"}],"wp:attachment":[{"href":"https:\/\/www.ateti.pt\/loja\/wp-json\/wp\/v2\/media?parent=13299"}],"wp:term":[{"taxonomy":"product_brand","embeddable":true,"href":"https:\/\/www.ateti.pt\/loja\/wp-json\/wp\/v2\/product_brand?post=13299"},{"taxonomy":"product_cat","embeddable":true,"href":"https:\/\/www.ateti.pt\/loja\/wp-json\/wp\/v2\/product_cat?post=13299"},{"taxonomy":"product_tag","embeddable":true,"href":"https:\/\/www.ateti.pt\/loja\/wp-json\/wp\/v2\/product_tag?post=13299"},{"taxonomy":"woo-feed-brand","embeddable":true,"href":"https:\/\/www.ateti.pt\/loja\/wp-json\/wp\/v2\/woo-feed-brand?post=13299"}],"curies":[{"name":"wp","href":"https:\/\/api.w.org\/{rel}","templated":true}]}}

Sumo 100% Maracujá Clássico 300ml Compal

<p><strong>Compal Clássico 100% Maracujá</strong></p>
<p><strong>Quantidade:</strong> 330mL</p>
<div class="ingridients__item"><strong>Ingredientes: </strong>Água, sumo de maracujá: à base de concentrado, açúcar e ácido ascórbico (vitamina C).</div>
<div class="ingridients__item">
<p class="BrandonText-Bold nutritional-information__title"><strong>Declaração Nutricional</strong></p>
<div class="ingridients__table">
<table width="100%">
<tbody>
<tr>
<th></th>
<th>Por 100 ML</th>
<th>Porção 200 ML</th>
</tr>
<tr>
<td>Valor Energético</td>
<td>235 KJ (55 kcal)</td>
<td>470 KJ (110 kcal)</td>
</tr>
<tr>
<td>Lípidos</td>
<td>&lt; 0.50g</td>
<td>&lt; 0.50g</td>
</tr>
<tr>
<td>dos quais saturados</td>
<td>&lt; 0.10g</td>
<td>&lt; 0.10g</td>
</tr>
<tr>
<td>Hidratos de Carbono</td>
<td>14g</td>
<td>28g</td>
</tr>
<tr>
<td>dos quais açúcares</td>
<td>13g</td>
<td>26g</td>
</tr>
<tr>
<td>Proteínas</td>
<td>&lt; 0.50g</td>
<td>0.80g</td>
</tr>
<tr>
<td>Sal</td>
<td>&lt; 0.01g</td>
<td>&lt; 0.01g</td>
</tr>
<tr>
<td>Vitamina C</td>
<td>6mg (7% VRN*)</td>
<td>12mg (15% VRN*)</td>
</tr>
</tbody>
</table>
<div class="ingridients__item">
<p class="BrandonText-Bold nutritional-information__title"><strong>Conservação: </strong>Uma vez aberto conservar no frigorífico.</p>
</div>
<div class="ingridients__item">
<p><strong>Teor de frutos:</strong> no mínimo 25%.</p>
<p>Veja mais em <a href="https://www.ateti.pt/loja/categoria/bebidas/sumos/">Sumos</a></p>
</div>
</div>
</div>
