{"id":13258,"date":"2020-03-20T19:14:28","date_gmt":"2020-03-20T18:14:28","guid":{"rendered":"https:\/\/www.ateti.pt\/loja\/?post_type=product&#038;p=13258"},"modified":"2024-05-27T11:09:26","modified_gmt":"2024-05-27T10:09:26","slug":"agua-mineral-caldas-de-penacova-1-5lt","status":"publish","type":"product","link":"https:\/\/www.ateti.pt\/loja\/produto\/agua-mineral-caldas-de-penacova-1-5lt\/","title":{"rendered":"\u00c1gua Mineral Caldas de Penacova 1.5L"},"content":{"rendered":"<p>\u00c1gua Mineral Caldas de Penacova 1.5L<\/p>\n<p><strong>Quantidade:<\/strong> 1,5L<\/p>\n<p><strong>Curiosidade:<\/strong><\/p>\n<p>Proveniente de aqu\u00edfero profundo, as \u00c1guas Minerais Naturais s\u00e3o sistemas aquosos impolutos cuja composi\u00e7\u00e3o qu\u00edmica \u00e9 de origem natural e proveniente exclusivamente de fen\u00f3menos de intera\u00e7\u00e3o \u00e1gua\/rocha. Por tal facto, esta composi\u00e7\u00e3o qu\u00edmica \u00e9 espec\u00edfica, n\u00e3o existindo duas \u00e1guas iguais, e define um padr\u00e3o qu\u00edmico pr\u00f3prio e imut\u00e1vel ao longo do tempo.<strong><br \/>\n<\/strong><\/p>\n<p>Assim, a explora\u00e7\u00e3o industrial de uma \u00c1gua Mineral Natural encontra-se devidamente regulamentada na legisla\u00e7\u00e3o portuguesa, estando dependente da autoriza\u00e7\u00e3o da Dire\u00e7\u00e3o Geral da Energia e Geologia. Requer tamb\u00e9m parecer favor\u00e1vel da Dire\u00e7\u00e3o Geral de Sa\u00fade, desde que tenha sido evidenciado que o recurso hidromineral cumpre todos os requisitos que constam da defini\u00e7\u00e3o de \u00e1gua mineral fixada pela Comunidade Europeia.<\/p>\n<p class=\"p1\"><strong>Carater\u00edsticas da \u00c1gua Mineral Caldas de Penacova:<\/strong> Organol\u00e9pticas: Apar\u00eancia l\u00edmpida, cheiro inodoro, cor incolor, dep\u00f3sito nulo, \u00e1gua ins\u00edpida. Microbiol\u00f3gicas: Decreto-Lei n\u00ba 156 \/ 98 de 6 de Julho<br \/>\nFisico-quimicas: Conforme Boletim de an\u00e1lise do Instituto Superior T\u00e9cnico referido no r\u00f3tulo da embalagem; \u00e1gua hipossalina, com rea\u00e7\u00e3o \u00e1cida e macia; \u00e1gua silicatada (classifica\u00e7\u00e3o de acordo com as normas do Instituto de Hidrologia de Lisboa)<\/p>\n<p><strong>Embalagem:<\/strong> Polietileno de Tereftalato<\/p>\n<p><strong>Condi\u00e7\u00f5es de armazenagem: <\/strong>Deve proteger a sua \u00c1gua Mineral Caldas de Penacova 1.5L \u00a0da luz solar. Conservar em lugar fresco, seco e isento de odores.<\/p>\n<p><strong>Condi\u00e7\u00f5es de utiliza\u00e7\u00e3o: <\/strong>Beber \u00e0 temperatura ambiente ou fresca.<\/p>\n<p>Veja mais em\u00a0<a href=\"https:\/\/www.ateti.pt\/loja\/categoria\/ate-ti-negocios\/alimentacao-office\/bebidas-alimentacao-office\/\" target=\"_blank\" rel=\"noopener\">Bebidas<\/a> na Categoria At\u00e9 Ti Neg\u00f3cios.<\/p>\n<p>Pode ainda encontrar no At\u00e9 Ti produtos com descontos at\u00e9 50% na Categoria\u00a0<a href=\"https:\/\/www.ateti.pt\/loja\/categoria\/outlet-ate-50\/\" target=\"_blank\" rel=\"noopener\">Outlet ate 50%<\/a>.<\/p>\n<p>Fa\u00e7a as suas compras no seu supermercado online At\u00e9 Ti e receba a sua encomenda comodamente em casa, no trabalho ou onde quiser.<\/p>\n","protected":false},"excerpt":{"rendered":"<p>0.39\u20ac\/Litro<\/p>\n","protected":false},"featured_media":13259,"comment_status":"closed","ping_status":"closed","template":"","meta":{"_themeisle_gutenberg_block_has_review":false},"product_brand":[],"product_cat":[162,542,250,158,687],"product_tag":[],"woo-feed-brand":[],"class_list":{"0":"post-13258","1":"product","2":"type-product","3":"status-publish","4":"has-post-thumbnail","6":"product_cat-aguas","7":"product_cat-alimentacao-office","8":"product_cat-ate-ti-negocios","9":"product_cat-bebidas","10":"product_cat-bebidas-alimentacao-office","11":"ts_product_brand-caldas-de-penacova","13":"first","14":"instock","15":"sale","16":"taxable","17":"shipping-taxable","18":"purchasable","19":"product-type-simple"},"_links":{"self":[{"href":"https:\/\/www.ateti.pt\/loja\/wp-json\/wp\/v2\/product\/13258","targetHints":{"allow":["GET"]}}],"collection":[{"href":"https:\/\/www.ateti.pt\/loja\/wp-json\/wp\/v2\/product"}],"about":[{"href":"https:\/\/www.ateti.pt\/loja\/wp-json\/wp\/v2\/types\/product"}],"replies":[{"embeddable":true,"href":"https:\/\/www.ateti.pt\/loja\/wp-json\/wp\/v2\/comments?post=13258"}],"wp:featuredmedia":[{"embeddable":true,"href":"https:\/\/www.ateti.pt\/loja\/wp-json\/wp\/v2\/media\/13259"}],"wp:attachment":[{"href":"https:\/\/www.ateti.pt\/loja\/wp-json\/wp\/v2\/media?parent=13258"}],"wp:term":[{"taxonomy":"product_brand","embeddable":true,"href":"https:\/\/www.ateti.pt\/loja\/wp-json\/wp\/v2\/product_brand?post=13258"},{"taxonomy":"product_cat","embeddable":true,"href":"https:\/\/www.ateti.pt\/loja\/wp-json\/wp\/v2\/product_cat?post=13258"},{"taxonomy":"product_tag","embeddable":true,"href":"https:\/\/www.ateti.pt\/loja\/wp-json\/wp\/v2\/product_tag?post=13258"},{"taxonomy":"woo-feed-brand","embeddable":true,"href":"https:\/\/www.ateti.pt\/loja\/wp-json\/wp\/v2\/woo-feed-brand?post=13258"}],"curies":[{"name":"wp","href":"https:\/\/api.w.org\/{rel}","templated":true}]}}

Água Mineral Caldas de Penacova 1.5L

<p>Água Mineral Caldas de Penacova 1.5L</p>
<p><strong>Quantidade:</strong> 1,5L</p>
<p><strong>Curiosidade:</strong></p>
<p>Proveniente de aquífero profundo, as Águas Minerais Naturais são sistemas aquosos impolutos cuja composição química é de origem natural e proveniente exclusivamente de fenómenos de interação água/rocha. Por tal facto, esta composição química é específica, não existindo duas águas iguais, e define um padrão químico próprio e imutável ao longo do tempo.<strong><br />
</strong></p>
<p>Assim, a exploração industrial de uma Água Mineral Natural encontra-se devidamente regulamentada na legislação portuguesa, estando dependente da autorização da Direção Geral da Energia e Geologia. Requer também parecer favorável da Direção Geral de Saúde, desde que tenha sido evidenciado que o recurso hidromineral cumpre todos os requisitos que constam da definição de água mineral fixada pela Comunidade Europeia.</p>
<p class="p1"><strong>Caraterísticas da Água Mineral Caldas de Penacova:</strong> Organolépticas: Aparência límpida, cheiro inodoro, cor incolor, depósito nulo, água insípida. Microbiológicas: Decreto-Lei nº 156 / 98 de 6 de Julho<br />
Fisico-quimicas: Conforme Boletim de análise do Instituto Superior Técnico referido no rótulo da embalagem; água hipossalina, com reação ácida e macia; água silicatada (classificação de acordo com as normas do Instituto de Hidrologia de Lisboa)</p>
<p><strong>Embalagem:</strong> Polietileno de Tereftalato</p>
<p><strong>Condições de armazenagem: </strong>Deve proteger a sua Água Mineral Caldas de Penacova 1.5L  da luz solar. Conservar em lugar fresco, seco e isento de odores.</p>
<p><strong>Condições de utilização: </strong>Beber à temperatura ambiente ou fresca.</p>
<p>Veja mais em <a href="https://www.ateti.pt/loja/categoria/ate-ti-negocios/alimentacao-office/bebidas-alimentacao-office/" target="_blank" rel="noopener">Bebidas</a> na Categoria Até Ti Negócios.</p>
<p>Pode ainda encontrar no Até Ti produtos com descontos até 50% na Categoria <a href="https://www.ateti.pt/loja/categoria/outlet-ate-50/" target="_blank" rel="noopener">Outlet ate 50%</a>.</p>
<p>Faça as suas compras no seu supermercado online Até Ti e receba a sua encomenda comodamente em casa, no trabalho ou onde quiser.</p>
