{"id":13172,"date":"2021-08-20T17:35:50","date_gmt":"2021-08-20T16:35:50","guid":{"rendered":"https:\/\/www.ateti.pt\/loja\/?post_type=product&#038;p=13172"},"modified":"2026-02-05T12:49:06","modified_gmt":"2026-02-05T12:49:06","slug":"feijao-preto-lata-compal-410gr","status":"publish","type":"product","link":"https:\/\/www.ateti.pt\/loja\/produto\/feijao-preto-lata-compal-410gr\/","title":{"rendered":"Feij\u00e3o Preto Compal 410g"},"content":{"rendered":"<h5>Feij\u00e3o Preto Compal<\/h5>\n<p>Quantidade: 410g<\/p>\n<p><strong>Ingredientes:\u00a0<\/strong>Feij\u00e3o preto, \u00e1gua, sal, especiarias e intensificador de sabor: glutamato monoss\u00f3dico.<\/p>\n<p><strong>Valores nutricionais:\u00a0<\/strong>Energia: 314kj\/75kcal; L\u00edpidos: 0,50g, dos quais saturados: \u00ab0,50g; Hidratos de carbono: 9g, dos quais a\u00e7\u00facares: \u00ab0,50g; Fibra: 0,50; Prote\u00edna: 0,80g; Sal:1,06g.<\/p>\n<h4>Como preparar feij\u00e3o preto<\/h4>\n<p>Sugest\u00e3o de receita<\/p>\n<h5>Feij\u00e3o preto com bacon e lingui\u00e7a<\/h5>\n<p><strong>Ingredientes:<\/strong><\/p>\n<p><span class=\"wpurp-recipe-ingredient-quantity\" data-normalized=\"1\" data-fraction=\"\" data-original=\"1\">1<\/span>\u00a0<span class=\"wpurp-recipe-ingredient-name\"><a href=\"https:\/\/www.ateti.pt\/loja\/categoria\/mercearia\/frascos-e-latas\/\">lata grande de feij\u00e3o preto cozido<\/a><\/span><\/p>\n<p><span class=\"wpurp-recipe-ingredient-quantity\" data-normalized=\"60\" data-fraction=\"\" data-original=\"60\">60<\/span>\u00a0<span class=\"wpurp-recipe-ingredient-unit\" data-original=\"g\">g<\/span>\u00a0<span class=\"wpurp-recipe-ingredient-name\"><a href=\"https:\/\/www.ateti.pt\/loja\/categoria\/refrigerados\/charcutaria\/\">de bacon<\/a><\/span><\/p>\n<p><span class=\"wpurp-recipe-ingredient-quantity\" data-normalized=\"1\" data-fraction=\"\" data-original=\"1\">1<\/span>\u00a0<span class=\"wpurp-recipe-ingredient-name\">lingui\u00e7a<\/span><\/p>\n<p><span class=\"wpurp-recipe-ingredient-quantity\" data-normalized=\"1\" data-fraction=\"\" data-original=\"1\">1<\/span>\u00a0<span class=\"wpurp-recipe-ingredient-name\"><a href=\"https:\/\/www.ateti.pt\/loja\/categoria\/frutas-e-legumes\/legumes-frescos\/\">cebola<\/a><\/span><\/p>\n<p><span class=\"wpurp-recipe-ingredient-quantity\" data-normalized=\"2\" data-fraction=\"\" data-original=\"2\">2<\/span>\u00a0<span class=\"wpurp-recipe-ingredient-name\"><a href=\"https:\/\/www.ateti.pt\/loja\/categoria\/frutas-e-legumes\/legumes-frescos\/\">dentes de alho<\/a><\/span><\/p>\n<p><span class=\"wpurp-recipe-ingredient-quantity\" data-normalized=\"2\" data-fraction=\"\" data-original=\"2\">2<\/span>\u00a0<span class=\"wpurp-recipe-ingredient-unit\" data-original=\"colheres (sopa)\">colheres (sopa)<\/span>\u00a0<span class=\"wpurp-recipe-ingredient-name\"><a href=\"https:\/\/www.ateti.pt\/loja\/categoria\/mercearia\/azeiteseoleos\/\">de\u00a0azeite<\/a><\/span><\/p>\n<p>Veja mais produtos na categoria das <a href=\"https:\/\/www.ateti.pt\/loja\/categoria\/mercearia\/leguminosas\/\">Leguminosas<\/a><\/p>\n","protected":false},"excerpt":{"rendered":"<p>3.29\u20ac\/kg<\/p>\n","protected":false},"featured_media":57031,"comment_status":"closed","ping_status":"closed","template":"","meta":{"_themeisle_gutenberg_block_has_review":false},"product_brand":[],"product_cat":[199,196,132],"product_tag":[],"woo-feed-brand":[],"class_list":{"0":"post-13172","1":"product","2":"type-product","3":"status-publish","4":"has-post-thumbnail","6":"product_cat-frascos-e-latas","7":"product_cat-leguminosas","8":"product_cat-mercearia","9":"ts_product_brand-compal","11":"first","12":"instock","13":"sale","14":"taxable","15":"shipping-taxable","16":"purchasable","17":"product-type-simple"},"_links":{"self":[{"href":"https:\/\/www.ateti.pt\/loja\/wp-json\/wp\/v2\/product\/13172","targetHints":{"allow":["GET"]}}],"collection":[{"href":"https:\/\/www.ateti.pt\/loja\/wp-json\/wp\/v2\/product"}],"about":[{"href":"https:\/\/www.ateti.pt\/loja\/wp-json\/wp\/v2\/types\/product"}],"replies":[{"embeddable":true,"href":"https:\/\/www.ateti.pt\/loja\/wp-json\/wp\/v2\/comments?post=13172"}],"wp:featuredmedia":[{"embeddable":true,"href":"https:\/\/www.ateti.pt\/loja\/wp-json\/wp\/v2\/media\/57031"}],"wp:attachment":[{"href":"https:\/\/www.ateti.pt\/loja\/wp-json\/wp\/v2\/media?parent=13172"}],"wp:term":[{"taxonomy":"product_brand","embeddable":true,"href":"https:\/\/www.ateti.pt\/loja\/wp-json\/wp\/v2\/product_brand?post=13172"},{"taxonomy":"product_cat","embeddable":true,"href":"https:\/\/www.ateti.pt\/loja\/wp-json\/wp\/v2\/product_cat?post=13172"},{"taxonomy":"product_tag","embeddable":true,"href":"https:\/\/www.ateti.pt\/loja\/wp-json\/wp\/v2\/product_tag?post=13172"},{"taxonomy":"woo-feed-brand","embeddable":true,"href":"https:\/\/www.ateti.pt\/loja\/wp-json\/wp\/v2\/woo-feed-brand?post=13172"}],"curies":[{"name":"wp","href":"https:\/\/api.w.org\/{rel}","templated":true}]}}