{"id":13151,"date":"2021-01-12T13:42:22","date_gmt":"2021-01-12T12:42:22","guid":{"rendered":"https:\/\/www.ateti.pt\/loja\/?post_type=product&#038;p=13151"},"modified":"2026-02-11T16:01:12","modified_gmt":"2026-02-11T16:01:12","slug":"salsichas-lata-nobre-250gr","status":"publish","type":"product","link":"https:\/\/www.ateti.pt\/loja\/produto\/salsichas-lata-nobre-250gr\/","title":{"rendered":"Salsicha  Nobre 250g 10unid"},"content":{"rendered":"<p><strong>Salsicha Nobre<\/strong><\/p>\n<p>Quantidade: 250g \/ 10un.<\/p>\n<p><strong>Ingredientes:\u00a0<\/strong>Carnes separadas mecanicamente de frango e peru, \u00e1gua, carne de su\u00edno, couratos, amido, prote\u00edna de soja, carnes separadas mecanicamente de su\u00edno, sal, emulsionantes (difosfatos, trifosfatos, polifosfatos), especiarias (cont\u00e9m mostarda), a\u00e7\u00facar, aromas, aroma de fumo, dextrose, prote\u00ednas do leite, antioxidantes (eritorbato de s\u00f3dio, ascorbato de s\u00f3dio), conservante (nitrito de s\u00f3dio), intensificador de sabor (glutamato monoss\u00f3dico).<\/p>\n<p><strong>Valores nutricionais:\u00a0<\/strong>Energia: 727kj\/175kcal; L\u00edpidos: 12g, dos quais \u00e1cidos gordos saturados: 4,6g; dos quais monoinsaturadas: 5,9g; poliinsaturadas: 1,9g; Hidratos de carbono: 5g, dos quais a\u00e7\u00facares: 0,8g; Fibra: 0,5g; Prote\u00ednas: 11g; Sal: 1,6g.<\/p>\n<p><strong>Conserva\u00e7\u00e3o:\u00a0<\/strong>Conservar em ambiente fresco e seco.<\/p>\n<div id=\"tw-container\" dir=\"ltr\">\n<p>Sugest\u00e3o de receita<\/p>\n<h5>Arroz \u00e0 Valenciana<\/h5>\n<p><strong>Ingredientes:<\/strong><\/p>\n<ul>\n<li>600g de <a href=\"https:\/\/www.ateti.pt\/loja\/categoria\/mercearia\/arrozemassas\/\">arroz<\/a><\/li>\n<li>400g de <a href=\"https:\/\/www.ateti.pt\/loja\/categoria\/congelados\/legumes\/\">ervilhas<\/a><\/li>\n<li>Meio frango cortado em pedacinhos<\/li>\n<li>300g de entremeada cortada em tirinhas<\/li>\n<li>300g de carne de porco cortada em cubinhos<\/li>\n<li>300g de carne de vaca cortada em cubinhos<\/li>\n<li>450g de <a href=\"https:\/\/www.ateti.pt\/loja\/categoria\/congelados\/peixeemarisco\/\">argolas de lulas<\/a><\/li>\n<li>300g de <a href=\"https:\/\/www.ateti.pt\/loja\/categoria\/congelados\/peixeemarisco\/\">miolo de camar\u00e3o<\/a><\/li>\n<li>900g de berbig\u00e3o demolhado em \u00e1gua fria<\/li>\n<li>600g de <a href=\"https:\/\/www.ateti.pt\/loja\/categoria\/congelados\/peixeemarisco\/\">camar\u00e3o<\/a><\/li>\n<li>6 <a href=\"https:\/\/www.ateti.pt\/loja\/categoria\/mercearia\/conservas\/\">Salsicha Nobre<\/a><\/li>\n<li>1 <a href=\"https:\/\/www.ateti.pt\/loja\/categoria\/frutas-e-legumes\/legumes-frescos\/\">cebola<\/a> grande picada<\/li>\n<li>150 ml de <a href=\"https:\/\/www.ateti.pt\/loja\/categoria\/mercearia\/azeiteseoleos\/\">azeite<\/a><\/li>\n<li>4 dentes de <a href=\"https:\/\/www.ateti.pt\/loja\/categoria\/frutas-e-legumes\/legumes-frescos\/\">alho picados<\/a><\/li>\n<li>2 folhas de <a href=\"https:\/\/www.ateti.pt\/loja\/categoria\/mercearia\/temperos-e-molhos\/\">louro<\/a><\/li>\n<li>1<a href=\"https:\/\/www.ateti.pt\/loja\/categoria\/frutas-e-legumes\/legumes-frescos\/\"> pimento vermelho<\/a> cortado em tirinhas<\/li>\n<li>1 cubo de <a href=\"https:\/\/www.ateti.pt\/loja\/categoria\/mercearia\/temperos-e-molhos\/\">caldo de galinha<\/a><\/li>\n<li>250 ml de <a href=\"https:\/\/www.ateti.pt\/loja\/categoria\/bebidas\/garrafeira\/\">vinho branco<\/a><\/li>\n<li><a href=\"https:\/\/www.ateti.pt\/loja\/categoria\/mercearia\/temperos-e-molhos\/\">Salsa<\/a><\/li>\n<li>4 colheres de ch\u00e1 de <a href=\"https:\/\/www.ateti.pt\/loja\/categoria\/mercearia\/temperos-e-molhos\/\">a\u00e7afr\u00e3o das \u00edndias<\/a><\/li>\n<li>1 <a href=\"https:\/\/www.ateti.pt\/loja\/categoria\/frutas-e-legumes\/legumes-frescos\/\">lim\u00e3o<\/a><\/li>\n<li>1300 ml de \u00e1gua<\/li>\n<li><a href=\"https:\/\/www.ateti.pt\/loja\/categoria\/mercearia\/temperos-e-molhos\/\">Picante<\/a> a gosto<\/li>\n<li><a href=\"https:\/\/www.ateti.pt\/loja\/categoria\/mercearia\/temperos-e-molhos\/\">Sal<\/a> q.b.<\/li>\n<li><a href=\"https:\/\/www.ateti.pt\/loja\/categoria\/mercearia\/temperos-e-molhos\/\">Colorau<\/a> q.b.<\/li>\n<\/ul>\n<p><strong>Prepara\u00e7\u00e3o:<\/strong><\/p>\n<p>1. Numa tigela, junte o frango, a carne de vaca, a carne de porco e a entremeada. Tempere com sal, colorau e o sumo de 1 lim\u00e3o. Mexa tudo muito bem.<\/p>\n<p>2. Num tacho grande, leve ao lume o azeite, a cebola picada, os alhos picados, o louro e o pimento vermelho. Mexa e deixe refogar.<\/p>\n<p>3. Junte as carnes, mexa e deixe fritar at\u00e9 ganhar cor.<\/p>\n<p>4. Junte as argolas de lulas, as ervilhas, o cubo de caldo de galinha, o a\u00e7afr\u00e3o, o vinho branco e tempere com picante a gosto. Mexa e junte aproximadamente 300 ml de \u00e1gua. Deixe cozinhar durante 10 minutos.<\/p>\n<p>5. Junte o arroz, mexa e junte a restante \u00e1gua. Deixe ferver 5 minutos at\u00e9 o arroz abrir.<\/p>\n<p>6. Passado os 5 minutos, se necess\u00e1rio retifique o sal. Junte o miolo de camar\u00e3o, as salsichas e o camar\u00e3o.<\/p>\n<p>7. Por fim, junte o berbig\u00e3o bem lavado e deixe cozinhar at\u00e9 as conchas abrirem.<\/p>\n<p>Logo que o berbig\u00e3o abra apague o lume e sirva de imediato.<\/p>\n<p>Bom apetite!<\/p>\n<p>Veja mais em <a href=\"https:\/\/www.ateti.pt\/loja\/categoria\/mercearia\/conservas\/\">Conservas<\/a><\/p>\n<\/div>\n<p>&nbsp;<\/p>\n","protected":false},"excerpt":{"rendered":"<p>0.19\u20ac\/unid<\/p>\n","protected":false},"featured_media":42331,"comment_status":"closed","ping_status":"closed","template":"","meta":{"_themeisle_gutenberg_block_has_review":false},"product_brand":[],"product_cat":[155,132],"product_tag":[],"woo-feed-brand":[],"class_list":{"0":"post-13151","1":"product","2":"type-product","3":"status-publish","4":"has-post-thumbnail","6":"product_cat-conservas","7":"product_cat-mercearia","8":"ts_product_brand-nobre","10":"first","11":"instock","12":"taxable","13":"shipping-taxable","14":"purchasable","15":"product-type-simple"},"_links":{"self":[{"href":"https:\/\/www.ateti.pt\/loja\/wp-json\/wp\/v2\/product\/13151","targetHints":{"allow":["GET"]}}],"collection":[{"href":"https:\/\/www.ateti.pt\/loja\/wp-json\/wp\/v2\/product"}],"about":[{"href":"https:\/\/www.ateti.pt\/loja\/wp-json\/wp\/v2\/types\/product"}],"replies":[{"embeddable":true,"href":"https:\/\/www.ateti.pt\/loja\/wp-json\/wp\/v2\/comments?post=13151"}],"wp:featuredmedia":[{"embeddable":true,"href":"https:\/\/www.ateti.pt\/loja\/wp-json\/wp\/v2\/media\/42331"}],"wp:attachment":[{"href":"https:\/\/www.ateti.pt\/loja\/wp-json\/wp\/v2\/media?parent=13151"}],"wp:term":[{"taxonomy":"product_brand","embeddable":true,"href":"https:\/\/www.ateti.pt\/loja\/wp-json\/wp\/v2\/product_brand?post=13151"},{"taxonomy":"product_cat","embeddable":true,"href":"https:\/\/www.ateti.pt\/loja\/wp-json\/wp\/v2\/product_cat?post=13151"},{"taxonomy":"product_tag","embeddable":true,"href":"https:\/\/www.ateti.pt\/loja\/wp-json\/wp\/v2\/product_tag?post=13151"},{"taxonomy":"woo-feed-brand","embeddable":true,"href":"https:\/\/www.ateti.pt\/loja\/wp-json\/wp\/v2\/woo-feed-brand?post=13151"}],"curies":[{"name":"wp","href":"https:\/\/api.w.org\/{rel}","templated":true}]}}

<p><strong>Salsicha Nobre</strong></p>
<p>Quantidade: 250g / 10un.</p>
<p><strong>Ingredientes: </strong>Carnes separadas mecanicamente de frango e peru, água, carne de suíno, couratos, amido, proteína de soja, carnes separadas mecanicamente de suíno, sal, emulsionantes (difosfatos, trifosfatos, polifosfatos), especiarias (contém mostarda), açúcar, aromas, aroma de fumo, dextrose, proteínas do leite, antioxidantes (eritorbato de sódio, ascorbato de sódio), conservante (nitrito de sódio), intensificador de sabor (glutamato monossódico).</p>
<p><strong>Valores nutricionais: </strong>Energia: 727kj/175kcal; Lípidos: 12g, dos quais ácidos gordos saturados: 4,6g; dos quais monoinsaturadas: 5,9g; poliinsaturadas: 1,9g; Hidratos de carbono: 5g, dos quais açúcares: 0,8g; Fibra: 0,5g; Proteínas: 11g; Sal: 1,6g.</p>
<p><strong>Conservação: </strong>Conservar em ambiente fresco e seco.</p>
<div id="tw-container" dir="ltr">
<p>Sugestão de receita</p>
<h5>Arroz à Valenciana</h5>
<p><strong>Ingredientes:</strong></p>
<ul>
<li>600g de <a href="https://www.ateti.pt/loja/categoria/mercearia/arrozemassas/">arroz</a></li>
<li>400g de <a href="https://www.ateti.pt/loja/categoria/congelados/legumes/">ervilhas</a></li>
<li>Meio frango cortado em pedacinhos</li>
<li>300g de entremeada cortada em tirinhas</li>
<li>300g de carne de porco cortada em cubinhos</li>
<li>300g de carne de vaca cortada em cubinhos</li>
<li>450g de <a href="https://www.ateti.pt/loja/categoria/congelados/peixeemarisco/">argolas de lulas</a></li>
<li>300g de <a href="https://www.ateti.pt/loja/categoria/congelados/peixeemarisco/">miolo de camarão</a></li>
<li>900g de berbigão demolhado em água fria</li>
<li>600g de <a href="https://www.ateti.pt/loja/categoria/congelados/peixeemarisco/">camarão</a></li>
<li>6 <a href="https://www.ateti.pt/loja/categoria/mercearia/conservas/">Salsicha Nobre</a></li>
<li>1 <a href="https://www.ateti.pt/loja/categoria/frutas-e-legumes/legumes-frescos/">cebola</a> grande picada</li>
<li>150 ml de <a href="https://www.ateti.pt/loja/categoria/mercearia/azeiteseoleos/">azeite</a></li>
<li>4 dentes de <a href="https://www.ateti.pt/loja/categoria/frutas-e-legumes/legumes-frescos/">alho picados</a></li>
<li>2 folhas de <a href="https://www.ateti.pt/loja/categoria/mercearia/temperos-e-molhos/">louro</a></li>
<li>1<a href="https://www.ateti.pt/loja/categoria/frutas-e-legumes/legumes-frescos/"> pimento vermelho</a> cortado em tirinhas</li>
<li>1 cubo de <a href="https://www.ateti.pt/loja/categoria/mercearia/temperos-e-molhos/">caldo de galinha</a></li>
<li>250 ml de <a href="https://www.ateti.pt/loja/categoria/bebidas/garrafeira/">vinho branco</a></li>
<li><a href="https://www.ateti.pt/loja/categoria/mercearia/temperos-e-molhos/">Salsa</a></li>
<li>4 colheres de chá de <a href="https://www.ateti.pt/loja/categoria/mercearia/temperos-e-molhos/">açafrão das índias</a></li>
<li>1 <a href="https://www.ateti.pt/loja/categoria/frutas-e-legumes/legumes-frescos/">limão</a></li>
<li>1300 ml de água</li>
<li><a href="https://www.ateti.pt/loja/categoria/mercearia/temperos-e-molhos/">Picante</a> a gosto</li>
<li><a href="https://www.ateti.pt/loja/categoria/mercearia/temperos-e-molhos/">Sal</a> q.b.</li>
<li><a href="https://www.ateti.pt/loja/categoria/mercearia/temperos-e-molhos/">Colorau</a> q.b.</li>
</ul>
<p><strong>Preparação:</strong></p>
<p>1. Numa tigela, junte o frango, a carne de vaca, a carne de porco e a entremeada. Tempere com sal, colorau e o sumo de 1 limão. Mexa tudo muito bem.</p>
<p>2. Num tacho grande, leve ao lume o azeite, a cebola picada, os alhos picados, o louro e o pimento vermelho. Mexa e deixe refogar.</p>
<p>3. Junte as carnes, mexa e deixe fritar até ganhar cor.</p>
<p>4. Junte as argolas de lulas, as ervilhas, o cubo de caldo de galinha, o açafrão, o vinho branco e tempere com picante a gosto. Mexa e junte aproximadamente 300 ml de água. Deixe cozinhar durante 10 minutos.</p>
<p>5. Junte o arroz, mexa e junte a restante água. Deixe ferver 5 minutos até o arroz abrir.</p>
<p>6. Passado os 5 minutos, se necessário retifique o sal. Junte o miolo de camarão, as salsichas e o camarão.</p>
<p>7. Por fim, junte o berbigão bem lavado e deixe cozinhar até as conchas abrirem.</p>
<p>Logo que o berbigão abra apague o lume e sirva de imediato.</p>
<p>Bom apetite!</p>
<p>Veja mais em <a href="https://www.ateti.pt/loja/categoria/mercearia/conservas/">Conservas</a></p>
</div>
<p>&nbsp;</p>
