{"id":13125,"date":"2021-12-12T23:34:24","date_gmt":"2021-12-12T23:34:24","guid":{"rendered":"https:\/\/www.ateti.pt\/loja\/?post_type=product&#038;p=13125"},"modified":"2024-12-29T13:20:33","modified_gmt":"2024-12-29T13:20:33","slug":"cerelac-500gr","status":"publish","type":"product","link":"https:\/\/www.ateti.pt\/loja\/produto\/cerelac-500gr\/","title":{"rendered":"Cerelac 500g"},"content":{"rendered":"<h2><strong>Cerelac para fazer papa Cerelac<\/strong><\/h2>\n<p>Quantidade: 500g<\/p>\n<div class=\"required-fields group-header-push-right field-group-html-element\">\n<p><strong>Cerelac,<\/strong>\u00a0especialmente desenvolvida para beb\u00e9s, \u00e9 a base ideal para uma alimenta\u00e7\u00e3o diversificada saud\u00e1vel. \u00c9 uma papa infantil de cereais\u00a0<strong>com gl\u00faten, para preparar com \u00e1gua,<\/strong>\u00a0que apresenta um valor nutricional adequado para alimenta\u00e7\u00e3o de beb\u00e9s\u00a0<strong>a partir dos 6 meses.<\/strong><\/p>\n<p>Oferece ao beb\u00e9 os benef\u00edcios dos cereais, fundamentais na alimenta\u00e7\u00e3o da pequena barriguinha do beb\u00e9. CERELAC Farinha L\u00e1ctea \u00e9\u00a0<strong>Fabricada em Portugal!<\/strong>\u00a0(origem do trigo:UE) Apresenta uma textura suave, que ajuda o beb\u00e9 na passagem para a alimenta\u00e7\u00e3o \u00e0 colher, dando-lhe a conhecer novos sabores e novas consist\u00eancias.<\/p>\n<p><strong>Alimento \u00e0 base de cereais especialmente selecionados e cultivados para a alimenta\u00e7\u00e3o infantil.<\/strong><\/p>\n<h2><strong>Benef\u00edcios do Cerelac<\/strong><\/h2>\n<ul>\n<li>Papa Cerelac infantil de cereais, nutricionalmente completos, <strong>naturalmente isentos de gl\u00faten<\/strong>\u00a0e\u00a0<strong>enriquecidos com Ferro, Zinco, Vitaminas A, B1 e C.<\/strong><\/li>\n<li><strong>Cereais Hidrolisados Enzimaticamente,<\/strong>\u00a0permitindo uma prepara\u00e7\u00e3o r\u00e1pida, sem grumos e um sabor suave. \u200b<\/li>\n<li><strong>Bifidus BL,<\/strong>\u00a0CERELAC \u00e9 a \u00fanica papa com Bifidus BL.<\/li>\n<li><strong>Mais de 50% dos valores de refer\u00eancia di\u00e1rios*<\/strong>, de:<\/li>\n<li><strong>Ferro<\/strong>, que contribui para o desenvolvimento cognitivo normal das crian\u00e7as.<\/li>\n<li><strong>Iodo,<\/strong>\u00a0que contribui para o crescimento normal das crian\u00e7as.<\/li>\n<li><strong>Sem a\u00e7\u00facares adicionados,<\/strong>\u00a0cont\u00e9m apenas os a\u00e7\u00facares naturalmente presentes.<\/li>\n<\/ul>\n<div class=\"field__item\">\n<div class=\"paragraph paragraph--type--titulo-paragrafo paragraph--view-mode--default\">\n<div class=\"titulo-paragrafo__field-titulo\"><strong>Ingredientes: <\/strong>Farinha de\u00a0<strong>trigo\u00a0<\/strong>hidrolisada (28,9%), farinha de\u00a0<strong>trigo\u00a0<\/strong>(28,5%),\u00a0<strong>leite\u00a0<\/strong>parcialmente desnatado (31,3%), sacarose, \u00f3leo de girassol, subst\u00e2ncias minerais (carbonato de c\u00e1lcio, fumarato ferroso, sulfato de zinco, iodeto de pot\u00e1ssio), vitaminas (C, PP, E, B1, \u00e1cido pantot\u00e9nico, A, B6, K, \u00e1cido f\u00f3lico, biotina, D), aroma (vanilina).<\/div>\n<div class=\"titulo-paragrafo__field-paragrafo\">\n<p><strong>Este produto cont\u00e9m gl\u00faten.<\/strong><\/p>\n<p><strong>N\u00e3o indicado para beb\u00e9s com alergia \u00e0s prote\u00ednas do leite de vaca.<\/strong><\/p>\n<\/div>\n<\/div>\n<\/div>\n<div class=\"field__item\">\n<div class=\"paragraph paragraph--type--titulo-paragrafo paragraph--view-mode--default\">\n<h2 class=\"titulo-paragrafo__field-titulo\"><strong>Como fazer Cerelac<\/strong><\/h2>\n<div class=\"titulo-paragrafo__field-paragrafo\">\n<p><strong>1.\u00a0<\/strong>Lave bem as m\u00e3os antes de preparar a papa do beb\u00e9 e assegure-se que todos os utens\u00edlios est\u00e3o devidamente lavados.<\/p>\n<p><strong>2.<\/strong>\u00a0Ferva \u00e1gua pot\u00e1vel durante 5 minutos. Deixe arrefecer (40\u00ba).<strong>\u00a0<\/strong>Deite 150ml na ta\u00e7a do beb\u00e9.<\/p>\n<p><strong>3.<\/strong>\u00a0Adicione 50g ou 9 colheres de sopa rasas de CERELAC Farinha L\u00e1ctea.<\/p>\n<p><strong>4.<\/strong>\u00a0Mexa com um garfo at\u00e9 obter uma papa homog\u00e9nea. D\u00ea de imediato ao beb\u00e9, utilizando uma colher limpa.<\/p>\n<\/div>\n<\/div>\n<\/div>\n<div class=\"field__item\">\n<div class=\"paragraph paragraph--type--titulo-paragrafo paragraph--view-mode--default\">\n<div class=\"titulo-paragrafo__field-titulo\"><strong>Conserva\u00e7\u00e3o:<\/strong> n\u00e3o guarde a papa que o beb\u00e9 n\u00e3o consumiu. Feche bem a saqueta ap\u00f3s a utiliza\u00e7\u00e3o e guarde num local fresco e seco n\u00e3o mais de tr\u00eas semanas ap\u00f3s a abertura.<\/div>\n<\/div>\n<\/div>\n<\/div>\n<div>Veja mais em <a href=\"https:\/\/www.ateti.pt\/loja\/categoria\/bebe-crianca\/alimentacao\/\">Beb\u00e9 e Crian\u00e7a<\/a><\/div>\n","protected":false},"excerpt":{"rendered":"<p>9.18\u20ac\/kg<\/p>\n","protected":false},"featured_media":50394,"comment_status":"closed","ping_status":"closed","template":"","meta":{"_themeisle_gutenberg_block_has_review":false},"product_brand":[],"product_cat":[226,214,145],"product_tag":[],"woo-feed-brand":[],"class_list":{"0":"post-13125","1":"product","2":"type-product","3":"status-publish","4":"has-post-thumbnail","6":"product_cat-alimentacao","7":"product_cat-bebe-crianca","8":"product_cat-pequeno-almoco-e-cereais","9":"ts_product_brand-cerelac","11":"first","12":"instock","13":"taxable","14":"shipping-taxable","15":"purchasable","16":"product-type-simple"},"_links":{"self":[{"href":"https:\/\/www.ateti.pt\/loja\/wp-json\/wp\/v2\/product\/13125","targetHints":{"allow":["GET"]}}],"collection":[{"href":"https:\/\/www.ateti.pt\/loja\/wp-json\/wp\/v2\/product"}],"about":[{"href":"https:\/\/www.ateti.pt\/loja\/wp-json\/wp\/v2\/types\/product"}],"replies":[{"embeddable":true,"href":"https:\/\/www.ateti.pt\/loja\/wp-json\/wp\/v2\/comments?post=13125"}],"wp:featuredmedia":[{"embeddable":true,"href":"https:\/\/www.ateti.pt\/loja\/wp-json\/wp\/v2\/media\/50394"}],"wp:attachment":[{"href":"https:\/\/www.ateti.pt\/loja\/wp-json\/wp\/v2\/media?parent=13125"}],"wp:term":[{"taxonomy":"product_brand","embeddable":true,"href":"https:\/\/www.ateti.pt\/loja\/wp-json\/wp\/v2\/product_brand?post=13125"},{"taxonomy":"product_cat","embeddable":true,"href":"https:\/\/www.ateti.pt\/loja\/wp-json\/wp\/v2\/product_cat?post=13125"},{"taxonomy":"product_tag","embeddable":true,"href":"https:\/\/www.ateti.pt\/loja\/wp-json\/wp\/v2\/product_tag?post=13125"},{"taxonomy":"woo-feed-brand","embeddable":true,"href":"https:\/\/www.ateti.pt\/loja\/wp-json\/wp\/v2\/woo-feed-brand?post=13125"}],"curies":[{"name":"wp","href":"https:\/\/api.w.org\/{rel}","templated":true}]}}