{"id":13080,"date":"2026-01-12T15:00:05","date_gmt":"2026-01-12T15:00:05","guid":{"rendered":"https:\/\/www.ateti.pt\/loja\/?post_type=product&#038;p=13080"},"modified":"2026-03-05T10:53:01","modified_gmt":"2026-03-05T10:53:01","slug":"diet-fibras-choco-gullon","status":"publish","type":"product","link":"https:\/\/www.ateti.pt\/loja\/produto\/diet-fibras-choco-gullon\/","title":{"rendered":"Bolachas Chocolate Diet Fibras 75g Gull\u00f3n"},"content":{"rendered":"<h5>Bolachas Diet Fibras Chocolate Gullon<\/h5>\n<p><strong>Quantidade:<\/strong> 75g<\/p>\n<p>Prove Chocolate Diet-Fibra, bolachas com alto teor de fibras. Cont\u00e9m cereais integrais e chips de chocolate.<\/p>\n<p>Armazenar em local fresco e seco. Preservar dos raios solares.<\/p>\n<p>Uma vez aberto, manter nas mesmas condi\u00e7\u00f5es\u00a0 fechar depois de cada uso.<\/p>\n<p>Fonte de fibra.<\/p>\n<p>Gull\u00f3n recomenda-lhe o seguimento de uma alimenta\u00e7\u00e3o variada e equilibrada na esteira de uma estilo de vida saud\u00e1vel.<\/p>\n<p><strong>Ingredientes:\u00a0<\/strong>Farinha de\u00a0<strong>trigo<\/strong>, a\u00e7\u00facar, fibra vegetal, chips de chocolate preto (a\u00e7\u00facar, pasta de cacau, manteiga de cacau, emulgente (lecitina de\u00a0<strong>soja<\/strong>), aromas), \u00f3leo vegetal (girassol alto oleico), cacau em p\u00f3, farelo de\u00a0<strong>trigo<\/strong>, fibra de alfarroba, fibra de\u00a0<strong>aveia<\/strong>, fibra de milho, gaseificantes (carbonato \u00e1cido de s\u00f3dio e carbonato \u00e1cido de am\u00f4nio), sal, emulgente E472e, aroma de chocolate.\u00a0<strong>Pode conter tra\u00e7os de leite.<\/strong><\/p>\n<table>\n<tbody>\n<tr>\n<td>Informa\u00e7\u00e3o nutricional por 100g<\/td>\n<\/tr>\n<tr>\n<td>Valor energ\u00e9tico<\/td>\n<td>1751 kJ \/417 kcal<\/td>\n<\/tr>\n<tr>\n<td>Gorduras<\/td>\n<td>13 g<\/td>\n<\/tr>\n<tr>\n<td><\/td>\n<td><\/td>\n<\/tr>\n<tr>\n<td><em>das quais <\/em>Saturadas<\/td>\n<td>3,5 g<\/td>\n<\/tr>\n<tr>\n<td>Monoinsaturadas<\/td>\n<td>8,0 g<\/td>\n<\/tr>\n<tr>\n<td>P\u00f3liinsaturadas<\/td>\n<td>1,5 g<\/td>\n<\/tr>\n<tr>\n<td>Carboidratos<\/td>\n<td>62 g<\/td>\n<\/tr>\n<tr>\n<td><\/td>\n<td><\/td>\n<\/tr>\n<tr>\n<td><em>dos quais <\/em>A\u00e7\u00facares<\/td>\n<td>23 g<\/td>\n<\/tr>\n<tr>\n<td>Fibra alimentar<\/td>\n<td>13 g<\/td>\n<\/tr>\n<tr>\n<td>Prote\u00ednas<\/td>\n<td>6,6 g<\/td>\n<\/tr>\n<tr>\n<td>Sal<\/td>\n<td>0,85 g<\/td>\n<\/tr>\n<\/tbody>\n<\/table>\n","protected":false},"excerpt":{"rendered":"<p>13.20\u20ac\/kg<\/p>\n","protected":false},"featured_media":78945,"comment_status":"closed","ping_status":"closed","template":"","meta":{"_themeisle_gutenberg_block_has_review":false},"product_brand":[],"product_cat":[207,134,144,222,132],"product_tag":[],"woo-feed-brand":[],"class_list":{"0":"post-13080","1":"product","2":"type-product","3":"status-publish","4":"has-post-thumbnail","6":"product_cat-bio-saudavel","7":"product_cat-bolachas-biscoitos","8":"product_cat-chocolates-biscoitos-e-cereais","9":"product_cat-dieta","10":"product_cat-mercearia","11":"ts_product_brand-gullon","13":"first","14":"instock","15":"taxable","16":"shipping-taxable","17":"purchasable","18":"product-type-simple"},"_links":{"self":[{"href":"https:\/\/www.ateti.pt\/loja\/wp-json\/wp\/v2\/product\/13080","targetHints":{"allow":["GET"]}}],"collection":[{"href":"https:\/\/www.ateti.pt\/loja\/wp-json\/wp\/v2\/product"}],"about":[{"href":"https:\/\/www.ateti.pt\/loja\/wp-json\/wp\/v2\/types\/product"}],"replies":[{"embeddable":true,"href":"https:\/\/www.ateti.pt\/loja\/wp-json\/wp\/v2\/comments?post=13080"}],"wp:featuredmedia":[{"embeddable":true,"href":"https:\/\/www.ateti.pt\/loja\/wp-json\/wp\/v2\/media\/78945"}],"wp:attachment":[{"href":"https:\/\/www.ateti.pt\/loja\/wp-json\/wp\/v2\/media?parent=13080"}],"wp:term":[{"taxonomy":"product_brand","embeddable":true,"href":"https:\/\/www.ateti.pt\/loja\/wp-json\/wp\/v2\/product_brand?post=13080"},{"taxonomy":"product_cat","embeddable":true,"href":"https:\/\/www.ateti.pt\/loja\/wp-json\/wp\/v2\/product_cat?post=13080"},{"taxonomy":"product_tag","embeddable":true,"href":"https:\/\/www.ateti.pt\/loja\/wp-json\/wp\/v2\/product_tag?post=13080"},{"taxonomy":"woo-feed-brand","embeddable":true,"href":"https:\/\/www.ateti.pt\/loja\/wp-json\/wp\/v2\/woo-feed-brand?post=13080"}],"curies":[{"name":"wp","href":"https:\/\/api.w.org\/{rel}","templated":true}]}}

Bolachas Chocolate Diet Fibras 75g Gullón

<h5>Bolachas Diet Fibras Chocolate Gullon</h5>
<p><strong>Quantidade:</strong> 75g</p>
<p>Prove Chocolate Diet-Fibra, bolachas com alto teor de fibras. Contém cereais integrais e chips de chocolate.</p>
<p>Armazenar em local fresco e seco. Preservar dos raios solares.</p>
<p>Uma vez aberto, manter nas mesmas condições  fechar depois de cada uso.</p>
<p>Fonte de fibra.</p>
<p>Gullón recomenda-lhe o seguimento de uma alimentação variada e equilibrada na esteira de uma estilo de vida saudável.</p>
<p><strong>Ingredientes: </strong>Farinha de <strong>trigo</strong>, açúcar, fibra vegetal, chips de chocolate preto (açúcar, pasta de cacau, manteiga de cacau, emulgente (lecitina de <strong>soja</strong>), aromas), óleo vegetal (girassol alto oleico), cacau em pó, farelo de <strong>trigo</strong>, fibra de alfarroba, fibra de <strong>aveia</strong>, fibra de milho, gaseificantes (carbonato ácido de sódio e carbonato ácido de amônio), sal, emulgente E472e, aroma de chocolate. <strong>Pode conter traços de leite.</strong></p>
<table>
<tbody>
<tr>
<td>Informação nutricional por 100g</td>
</tr>
<tr>
<td>Valor energético</td>
<td>1751 kJ /417 kcal</td>
</tr>
<tr>
<td>Gorduras</td>
<td>13 g</td>
</tr>
<tr>
<td></td>
<td></td>
</tr>
<tr>
<td><em>das quais </em>Saturadas</td>
<td>3,5 g</td>
</tr>
<tr>
<td>Monoinsaturadas</td>
<td>8,0 g</td>
</tr>
<tr>
<td>Póliinsaturadas</td>
<td>1,5 g</td>
</tr>
<tr>
<td>Carboidratos</td>
<td>62 g</td>
</tr>
<tr>
<td></td>
<td></td>
</tr>
<tr>
<td><em>dos quais </em>Açúcares</td>
<td>23 g</td>
</tr>
<tr>
<td>Fibra alimentar</td>
<td>13 g</td>
</tr>
<tr>
<td>Proteínas</td>
<td>6,6 g</td>
</tr>
<tr>
<td>Sal</td>
<td>0,85 g</td>
</tr>
</tbody>
</table>
