{"id":12745,"date":"2024-09-13T09:00:19","date_gmt":"2024-09-13T08:00:19","guid":{"rendered":"https:\/\/www.ateti.pt\/loja\/?post_type=product&#038;p=12745"},"modified":"2025-07-15T12:27:06","modified_gmt":"2025-07-15T11:27:06","slug":"ginseng-dolce-gusto","status":"publish","type":"product","link":"https:\/\/www.ateti.pt\/loja\/produto\/ginseng-dolce-gusto\/","title":{"rendered":"Caf\u00e9 Ginseng Dolce Gusto 16 C\u00e1psulas Bonini"},"content":{"rendered":"<p><strong>Ginseng Dolce Gusto Bonini<\/strong><\/p>\n<p>Caf\u00e9 Ginseng Dolce Gusto junta as propriedades t\u00f3nicas do ginseng com o poder energizante do caf\u00e9. Uma infus\u00e3o que restaura vitalidade e energia. O ginseng \u00e9 uma planta medicinal com diversos benef\u00edcios para sa\u00fade, tem a\u00e7\u00e3o estimulante e revitalizante, sendo \u00f3timo para quando se est\u00e1 muito cansado, stressado e a precisar de um est\u00edmulo extra para continuar com as atividades di\u00e1rias.<\/p>\n<p>Al\u00e9m disso, o Ginseng Dolce Gusto Bonini \u00e9 \u00f3timo para regular e melhorar a press\u00e3o sangu\u00ednea e ainda baixar o colesterol.<\/p>\n<p>Para aproveitar todos estes benef\u00edcios \u00e9 preciso consumir o ginseng sempre que for necess\u00e1rio. \u00c9 um bom complemento para quem est\u00e1 a estudar, num per\u00edodo de provas, ou num momento mais cansativo no trabalho.<\/p>\n<p>Quantidade: 16 c\u00e1psulas<\/p>\n<p>Veja mais mais <a href=\"https:\/\/www.ateti.pt\/loja\/categoria\/cafe-em-capsula\/capsulas-dolce-gusto\/especialidades-compativeis\/\">Especialidades Compat\u00edveis<\/a>.<\/p>\n","protected":false},"excerpt":{"rendered":"<p>0,29\u20ac\/unidade<\/p>\n","protected":false},"featured_media":71489,"comment_status":"closed","ping_status":"closed","template":"","meta":{"_themeisle_gutenberg_block_has_review":false},"product_brand":[],"product_cat":[117,18,256,137,787],"product_tag":[],"woo-feed-brand":[756],"class_list":{"0":"post-12745","1":"product","2":"type-product","3":"status-publish","4":"has-post-thumbnail","6":"product_cat-cafe-em-capsula","7":"product_cat-capsulas-dolce-gusto","8":"product_cat-compativeis-cafe-em-capsula","9":"product_cat-especialidades-dolcegusto","10":"product_cat-promocao-bonini","11":"ts_product_brand-bonini","12":"woo-feed-brand-bonini","14":"first","15":"instock","16":"sale","17":"taxable","18":"shipping-taxable","19":"purchasable","20":"product-type-simple"},"_links":{"self":[{"href":"https:\/\/www.ateti.pt\/loja\/wp-json\/wp\/v2\/product\/12745","targetHints":{"allow":["GET"]}}],"collection":[{"href":"https:\/\/www.ateti.pt\/loja\/wp-json\/wp\/v2\/product"}],"about":[{"href":"https:\/\/www.ateti.pt\/loja\/wp-json\/wp\/v2\/types\/product"}],"replies":[{"embeddable":true,"href":"https:\/\/www.ateti.pt\/loja\/wp-json\/wp\/v2\/comments?post=12745"}],"wp:featuredmedia":[{"embeddable":true,"href":"https:\/\/www.ateti.pt\/loja\/wp-json\/wp\/v2\/media\/71489"}],"wp:attachment":[{"href":"https:\/\/www.ateti.pt\/loja\/wp-json\/wp\/v2\/media?parent=12745"}],"wp:term":[{"taxonomy":"product_brand","embeddable":true,"href":"https:\/\/www.ateti.pt\/loja\/wp-json\/wp\/v2\/product_brand?post=12745"},{"taxonomy":"product_cat","embeddable":true,"href":"https:\/\/www.ateti.pt\/loja\/wp-json\/wp\/v2\/product_cat?post=12745"},{"taxonomy":"product_tag","embeddable":true,"href":"https:\/\/www.ateti.pt\/loja\/wp-json\/wp\/v2\/product_tag?post=12745"},{"taxonomy":"woo-feed-brand","embeddable":true,"href":"https:\/\/www.ateti.pt\/loja\/wp-json\/wp\/v2\/woo-feed-brand?post=12745"}],"curies":[{"name":"wp","href":"https:\/\/api.w.org\/{rel}","templated":true}]}}