{"id":13057,"date":"2020-03-10T16:35:14","date_gmt":"2020-03-10T16:35:14","guid":{"rendered":"https:\/\/www.ateti.pt\/loja\/?page_id=13057"},"modified":"2020-06-30T14:24:48","modified_gmt":"2020-06-30T13:24:48","slug":"metodos-de-pagamento","status":"publish","type":"page","link":"https:\/\/www.ateti.pt\/loja\/metodos-de-pagamento\/","title":{"rendered":"M\u00e9todos de Pagamento"},"content":{"rendered":"\n<p><strong>M\u00e9todos de Pagamento<\/strong><\/p>\n\n\n\n<p>Os pagamentos podem ser efetuados atrav\u00e9s dos seguintes m\u00e9todos: Multibanco e MB Way.<\/p>\n\n\n\n<p><br>Os dados introduzidos na janela de pagamento s\u00e3o enviados por protocolo encriptado para os bancos parceiros, que asseguram a opera\u00e7\u00e3o de pagamento \u00e0 dist\u00e2ncia, n\u00e3o havendo acesso desta informa\u00e7\u00e3o a qualquer parte terceira.<br>Poder\u00e1 escolher a op\u00e7\u00e3o mais conveniente para si, sem qualquer altera\u00e7\u00e3o de pre\u00e7o.<\/p>\n\n\n\n<p><br>A sua encomenda s\u00f3 ser\u00e1 processada ap\u00f3s boa cobran\u00e7a.<\/p>\n","protected":false},"excerpt":{"rendered":"<p>M\u00e9todos de Pagamento Os pagamentos podem ser efetuados atrav\u00e9s dos seguintes m\u00e9todos: Multibanco e MB Way. Os dados introduzidos na janela de pagamento s\u00e3o enviados por protocolo encriptado para os bancos parceiros, que asseguram a opera\u00e7\u00e3o de pagamento \u00e0 dist\u00e2ncia, n\u00e3o havendo acesso desta informa\u00e7\u00e3o a qualquer parte terceira.Poder\u00e1 escolher a op\u00e7\u00e3o mais conveniente para si, sem qualquer altera\u00e7\u00e3o de pre\u00e7o. A sua encomenda s\u00f3 ser\u00e1 processada ap\u00f3s boa cobran\u00e7a.<\/p>\n","protected":false},"author":2,"featured_media":0,"parent":0,"menu_order":0,"comment_status":"closed","ping_status":"closed","template":"","meta":{"_themeisle_gutenberg_block_has_review":false,"footnotes":""},"class_list":["post-13057","page","type-page","status-publish","hentry"],"_links":{"self":[{"href":"https:\/\/www.ateti.pt\/loja\/wp-json\/wp\/v2\/pages\/13057","targetHints":{"allow":["GET"]}}],"collection":[{"href":"https:\/\/www.ateti.pt\/loja\/wp-json\/wp\/v2\/pages"}],"about":[{"href":"https:\/\/www.ateti.pt\/loja\/wp-json\/wp\/v2\/types\/page"}],"author":[{"embeddable":true,"href":"https:\/\/www.ateti.pt\/loja\/wp-json\/wp\/v2\/users\/2"}],"replies":[{"embeddable":true,"href":"https:\/\/www.ateti.pt\/loja\/wp-json\/wp\/v2\/comments?post=13057"}],"version-history":[{"count":2,"href":"https:\/\/www.ateti.pt\/loja\/wp-json\/wp\/v2\/pages\/13057\/revisions"}],"predecessor-version":[{"id":13093,"href":"https:\/\/www.ateti.pt\/loja\/wp-json\/wp\/v2\/pages\/13057\/revisions\/13093"}],"wp:attachment":[{"href":"https:\/\/www.ateti.pt\/loja\/wp-json\/wp\/v2\/media?parent=13057"}],"curies":[{"name":"wp","href":"https:\/\/api.w.org\/{rel}","templated":true}]}}